20968 a multiple of 602?
False
Is 9202770 a multiple of 90?
True
Is 58487345 a multiple of 15?
False
Is 42 a factor of 151897389?
False
Does 14 divide 26023340?
True
Does 244 divide 467863656?
True
Is 1442 a factor of 219941477?
False
Does 552 divide 590011824?
True
Is 5 a factor of 72036710?
True
Does 76 divide 108671792?
True
Is 34861697 a multiple of 3?
False
Does 15 divide 26329786?
False
Is 37685450 a multiple of 10?
True
Is 22 a factor of 661630904?
True
Is 6 a factor of 159740898?
True
Is 12 a factor of 32678430?
False
Is 40770614 a multiple of 1402?
False
Is 760 a factor of 369656898?
False
Does 34 divide 104676711?
False
Is 642983420 a multiple of 751?
False
Is 11 a factor of 47546008?
False
Is 25174029 a multiple of 23?
True
Does 2 divide 768740?
True
Is 6733844 a multiple of 400?
False
Is 29354248 a multiple of 12?
False
Is 325000704 a multiple of 384?
True
Is 323 a factor of 61419923?
False
Does 151 divide 57934547?
False
Does 8623 divide 408265216?
False
Is 742 a factor of 77381696?
True
Is 19249791 a multiple of 362?
False
Is 3755976357 a multiple of 2196?
False
Does 1269 divide 178520382?
True
Is 1927138510 a multiple of 7?
False
Does 117 divide 1162093959?
True
Is 34799555 a multiple of 41?
False
Is 91605150 a multiple of 2237?
True
Is 596 a factor of 64181852?
False
Is 1085 a factor of 8724869090?
True
Does 15 divide 385898190?
True
Is 28168092 a multiple of 2286?
True
Does 732 divide 36640547?
False
Is 23499192 a multiple of 46?
True
Is 588685277 a multiple of 120?
False
Is 25 a factor of 50707525?
True
Is 305649014 a multiple of 307?
False
Is 89 a factor of 79954947?
False
Is 2811 a factor of 1016716212?
True
Is 325 a factor of 71792202?
False
Is 269 a factor of 124777422?
False
Does 469 divide 26427681?
True
Is 774 a factor of 8143254?
True
Is 486325895 a multiple of 140?
False
Is 395 a factor of 17152085?
True
Is 48 a factor of 3262022?
False
Does 150 divide 71800200?
True
Is 5 a factor of 3894700?
True
Is 247876095 a multiple of 130?
False
Is 29565542 a multiple of 121?
False
Is 5715514037 a multiple of 25?
False
Does 123 divide 4672621399?
False
Is 122708361 a multiple of 491?
False
Is 4476 a factor of 353787516?
True
Is 25537427 a multiple of 9?
False
Does 9 divide 518202144?
True
Is 8 a factor of 91700170?
False
Is 2009649305 a multiple of 1130?
False
Is 12 a factor of 36629?
False
Is 25 a factor of 2795087?
False
Is 215771512 a multiple of 30?
False
Is 92 a factor of 136102500?
True
Is 352 a factor of 27752736?
True
Is 387271508 a multiple of 26?
True
Does 746 divide 149645362?
True
Is 26879566 a multiple of 22?
False
Is 8544036 a multiple of 227?
False
Is 5681817 a multiple of 15?
False
Does 127 divide 354628427?
False
Does 1162 divide 31948344?
False
Is 95962771 a multiple of 135?
False
Does 12 divide 41756918?
False
Is 1483 a factor of 11365712?
True
Is 40 a factor of 1256506244?
False
Is 28464165 a multiple of 291?
True
Is 582039029 a multiple of 11?
True
Is 1316 a factor of 90830320?
True
Does 8 divide 7992854?
False
Is 678 a factor of 840181963?
False
Is 1971980392 a multiple of 6892?
True
Is 1976 a factor of 29232074?
False
Is 5582 a factor of 2422765749?
False
Does 5968 divide 145505808?
True
Does 26 divide 40406138?
False
Is 12004421 a multiple of 120?
False
Does 191 divide 67997225?
False
Is 13454901 a multiple of 9?
True
Is 109 a factor of 1004886224?
False
Is 240268810 a multiple of 230?
True
Is 43586262 a multiple of 43?
True
Does 4 divide 167054245?
False
Is 113 a factor of 20818371?
False
Is 777385826 a multiple of 8?
False
Does 237 divide 234881694?
True
Is 194678473 a multiple of 35?
False
Does 6 divide 2498538?
True
Is 11 a factor of 48505452?
False
Is 25559923 a multiple of 170?
False
Does 1826 divide 1026212?
True
Does 1471 divide 883809162?
True
Does 52 divide 35047222?
False
Is 73101372 a multiple of 633?
True
Does 856 divide 105243595?
False
Is 29 a factor of 106654489?
True
Is 24684709 a multiple of 301?
True
Is 27411340 a multiple of 1205?
True
Does 62 divide 8469324?
True
Does 19 divide 86920668?
True
Does 4 divide 219137306?
False
Is 3024 a factor of 774449424?
True
Does 87 divide 516387703?
False
Is 161 a factor of 616324905?
True
Does 1984 divide 6947968?
True
Does 453 divide 207890760?
True
Does 5 divide 317652711?
False
Is 10268702 even?
True
Is 19891044 a multiple of 18?
True
Is 531 a factor of 657442251?
True
Is 11566649 a multiple of 22?
False
Is 8 a factor of 1421036271?
False
Is 122865002 a multiple of 1742?
True
Is 115529265 a multiple of 9?
True
Is 89 a factor of 13968438?
False
Is 3058 a factor of 763630141?
False
Does 573 divide 26608735?
False
Is 5 a factor of 22808285?
True
Is 2100 a factor of 340340978?
False
Is 1382502408 a multiple of 84?
True
Is 38 a factor of 366728454?
False
Does 26 divide 1770666092?
True
Is 21905332 a multiple of 531?
False
Is 1566 a factor of 10993320?
True
Is 1739576828 a multiple of 30?
False
Is 9 a factor of 66041462?
False
Does 6 divide 95679054?
True
Is 27605447 a multiple of 32?
False
Is 3329984742 a multiple of 42?
True
Is 55 a factor of 195074330?
True
Is 14 a factor of 31912078?
False
Is 133106471 a multiple of 58?
False
Is 9 a factor of 19647650?
False
Does 180 divide 2390692860?
True
Is 18 a factor of 43142832?
True
Is 13517874 a multiple of 346?
True
Is 1340912496 a multiple of 88?
True
Is 422 a factor of 15389437?
False
Does 23 divide 17400765?
True
Is 2283595772 a multiple of 314?
True
Does 139 divide 31290117?
False
Is 71566387 a multiple of 10?
False
Is 26586839 a multiple of 285?
False
Does 128 divide 317785088?
True
Does 32 divide 148978198?
False
Is 406090908 a multiple of 11?
False
Is 5799 a factor of 649627176?
True
Is 896523120 a multiple of 2115?
True
Is 11852212 a multiple of 275?
False
Does 24 divide 33630907?
False
Does 2260 divide 86820406?
False
Does 825 divide 15015825?
True
Does 931 divide 17297980?
True
Does 335 divide 1668425625?
True
Does 197 divide 121325602?
True
Does 151 divide 45387162?
False
Does 717 divide 1564623777?
True
Does 5 divide 110493230?
True
Is 190 a factor of 11153281?
False
Is 536169744 a multiple of 253?
True
Is 23 a factor of 65057006?
False
Does 19 divide 1776641056?
True
Is 91 a factor of 2388498?
False
Does 7 divide 1518504316?
True
Is 1572 a factor of 20001882?
False
Is 11 a factor of 67795046?
True
Is 92004750 a multiple of 250?
True
Is 40186223 a multiple of 40?
False
Does 159 divide 47497163?
False
Is 44 a factor of 768470344?
False
Is 884 a factor of 418098196?
False
Does 2123 divide 33836374?
True
Is 240 a factor of 3787440?
True
Is 2654340050 a multiple of 25?
True
Is 8 a factor of 13335872?
True
Is 1461150048 a multiple of 574?
False
Is 350 a factor of 860161750?
True
Is 42336762 a multiple of 403?
True
Is 144283999 a multiple of 40?
False
Is 1186 a factor of 13261852?
True
Is 5308 a factor of 1207650278?
False
Is 1270 a factor of 19758122?
False
Is 102639500 a multiple of 3?
False
Is 1052 a factor of 4524559566?
False
Is 188432190 a multiple of 27?
True
Does 64 divide 3077095015?
False
Is 3011041 a multiple of 161?
False
Is 3661914081 a multiple of 884?
False
Is 225 a factor of 5286816?
False
Is 1474764144 a multiple of 1904?
True
Is 710243988 a multiple of 116?
True
Is 37 a factor of 19911597?
False
Is 99491729 a multiple of 137?
True
Does 340 divide 440222013?
False
Is 34914062 a multiple of 824?
False
Is 138 a factor of 2924085?
False
Does 104 divide 6443393?
False
Is 266750450 a multiple of 50?
True
Is 14 a factor of 39659619?
False
Is 3499009837 a multiple of 481?
False
Is 5801714 a multiple of 35?
False
Is 1188001463 a multiple of 17?
True
Does 14 divide 128127846?
True
Is 174 a factor of 41303946?
True
Does 1017 divide 5575516?
False
Is 18 a factor of 21933620?
False
Is 397 a factor of 15827455?
False
Does 74 divide 11507296?
True
Is 875 a factor of 555422000?
True
Is 4994814 a multiple of 666?
False
Is 23894444 a multiple of 22?
False
Does 15 divide 2772159383?
False
Is 2590564578 a multiple of 14?
True
Is 153 a factor of 15803829?
True
Does 2 divide 50505395?
False
Does 401 divide 11754914?
True
Is 110024200 a multiple of 1100?
True
Does 86 divide 131407570?
True
Is 16427442 a multiple of 64?
False
Is 77688454 a multiple of 991?
True
Is 21 a factor of 27500319?
True
Is 269